25*t + 6494. Determine g(4).
-6
Let g(x) = -x**2 + 5. Determine g(9).
-76
Let x(u) = 2*u**2 + 51*u + 203. What is x(-6)?
-31
Let x(a) = -a**2 - 24*a - 106. Calculate x(-17).
13
Let d(n) = -n**3 + 7*n**2 - 19*n + 19. Give d(4).
-9
Let m(x) = x**2 - 7*x - 761. Give m(-25).
39
Let a(r) = 6*r**2 + 190*r + 68. Determine a(-31).
-56
Let j(a) = a**2 + 41*a + 225. Calculate j(-8).
-39
Let t(l) = 1086*l + 17383. What is t(-16)?
7
Let l(s) = 3*s**3 - 335*s**2 - 112*s - 19. Calculate l(112).
-19
Let x(c) = 2*c**3 + 36*c**2 - 58*c + 460. Calculate x(-20).
20
Let g(k) = -2*k**3 - 2*k**2 - 242. Calculate g(0).
-242
Let a(y) = -139*y - 276. Calculate a(-2).
2
Let q(f) = f**2 + 21*f + 92. What is q(-6)?
2
Let g(u) = -93*u - 873. What is g(-10)?
57
Let m(f) = -3*f**3 - 91*f**2 - 29*f + 66. What is m(-30)?
36
Let k(q) = 39503*q + 79000. Calculate k(-2).
-6
Let a(s) = -3*s**3 - 8*s**2 + 4*s + 24. Give a(3).
-117
Let y(j) = 2*j**2 + 3*j - 576. Determine y(16).
-16
Let k(r) = 7*r**2 - 228*r + 134. What is k(32)?
6
Let i(u) = -u**2 + 377*u - 17171. What is i(53)?
1
Let p(c) = 2*c**3 - 43*c**2 - 29*c + 144. Determine p(22).
-10
Let s(r) = -116*r + 4750. Determine s(41).
-6
Let y(n) = -4*n**3 + 15*n**2 - 36*n + 180. What is y(5)?
-125
Let c(h) = 165*h**3 + 2*h**2 + h - 1. Calculate c(1).
167
Let i(k) = 133*k**2 + 10506*k - 94. Determine i(-79).
-15
Let v(c) = 1599*c + 14382. Give v(-9).
-9
Let t(h) = -2*h**3 + 138*h**2 - 9*h + 53. Determine t(69).
-568
Let y(o) = o**2 - 14*o - 33. Determine y(18).
39
Let v(o) = -1047*o + 12559. Give v(12).
-5
Let g(f) = f**3 - 11*f**2 + 21*f - 7. What is g(0)?
-7
Let x(r) = 10*r**3 - 13*r**2 - 4*r + 9. What is x(4)?
425
Let b(y) = y**2 - 102*y - 115. Determine b(103).
-12
Let r(m) = -24*m + 197. Give r(9).
-19
Let d(m) = 47*m - 456. Determine d(24).
672
Let i(b) = 112*b - 1462. Give i(13).
-6
Let q(m) = -2*m**3 - 419*m**2 + 212*m + 445. Give q(-210).
25
Let a(l) = l**3 - 17*l**2 - l + 501. Calculate a(15).
36
Let x(n) = n**2 - 6*n + 37. What is x(4)?
29
Let w(r) = 3*r**3 - 67*r**2 - 198*r - 36. Determine w(25).
14
Let z(a) = a**3 - 5*a**2 - a - 40. Give z(7).
51
Let v(u) = -82*u + 148. Determine v(2).
-16
Let c(d) = 8325*d + 24988. Calculate c(-3).
13
Let b(n) = 2*n**3 - 7*n**2 - 69*n - 9. What is b(8)?
15
Let g(w) = -29*w + 141. Determine g(6).
-33
Let k(y) = -7*y**2 + 11*y + 30. Calculate k(-4).
-126
Let p(o) = -2*o**3 - 21*o**2 - 14*o + 42. Determine p(-10).
82
Let a(o) = -27*o - 10. What is a(-2)?
44
Let w(s) = -397*s + 3548. Give w(9).
-25
Let q(n) = 2*n**3 + 4*n**2 + 7*n - 12. What is q(1)?
1
Let y(n) = n**2 + 191*n - 1386. Calculate y(7).
0
Let v(r) = -560*r + 14. Give v(0).
14
Let c(k) = -k**3 + 2*k**2 + 91*k + 9. What is c(0)?
9
Let o(k) = 2*k**3 - 28*k**2 + 75*k + 18. Calculate o(4).
-2
Let b(z) = 27*z + 1716. Give b(-47).
447
Let v(a) = a - 9. Determine v(8).
-1
Let d(n) = 2*n - 91. Give d(34).
-23
Let c(i) = 51*i + 51. Determine c(-1).
0
Let h(v) = -9*v**3 + 17*v**2 - 27*v - 5. Determine h(2).
-63
Let c(m) = -33*m**2 - 298*m - 2. Calculate c(-9).
7
Let i(x) = -1922*x + 30753. Calculate i(16).
1
Let t(h) = 13*h**3 + 4*h**2 + h + 2. What is t(-2)?
-88
Let h(o) = 47*o - 324. What is h(8)?
52
Let m(q) = -550*q - 702. Calculate m(-1).
-152
Let q(b) = -375*b + 19128. What is q(51)?
3
Let b(h) = -3*h**2 + 5*h - 7. Give b(0).
-7
Let t(u) = 44*u + 1373. Calculate t(-31).
9
Let i(a) = -83*a - 8376. Determine i(-101).
7
Let f(d) = 22*d + 6877. Calculate f(-312).
13
Let i(r) = r**3 - 3*r**2 - 4*r + 43. What is i(0)?
43
Let t(k) = -369*k - 1123. What is t(-3)?
-16
Let j(h) = 2*h**3 - 3*h**2 - 113*h - 425. Determine j(-4).
-149
Let f(r) = 2*r**2 + 12*r - 9. What is f(-4)?
-25
Let l(x) = x**2 - 404*x + 12239. Calculate l(33).
-4
Let q(c) = -118*c - 842. Calculate q(-7).
-16
Let c(p) = 2*p**2 + 79*p + 583. Calculate c(-29).
-26
Let z(p) = 3*p**3 + 16*p**2 - 20*p - 92. Give z(-5).
33
Let x(v) = 2*v**2 + 67*v + 3. What is x(-37)?
262
Let x(r) = r**2 - 14*r - 6670. What is x(-75)?
5
Let i(f) = -f - 24. Give i(-49).
25
Let y(g) = 5*g**3 + 310*g**2 + 48. Calculate y(-62).
48
Let j(y) = y**2 - 19*y - 141. Give j(25).
9
Let s(r) = -6*r + 559. Calculate s(94).
-5
Let c(f) = -4*f - 186. Give c(-27).
-78
Let b(z) = -27*z - 367. Calculate b(-6).
-205
Let g(p) = -5*p**2 - 5*p + 289. Give g(-8).
9
Let m(a) = -1479*a - 7433. What is m(-5)?
-38
Let g(x) = -20*x - 357. Give g(-33).
303
Let w(g) = -10*g**2 - 5*g + 26. What is w(2)?
-24
Let g(p) = -8*p**2 + 235*p - 1174. Give g(23).
-1
Let c(d) = 2*d**2 - 5*d - 29. Give c(-11).
268
Let o(k) = 5*k**3 - 78*k**2 - 40*k + 114. Determine o(16).
-14
Let g(k) = -296*k - 293. Determine g(-1).
3
Let s(t) = -8*t - 725. Calculate s(-95).
35
Let y(z) = z**3 - 90*z**2 - 91*z - 39. Give y(91).
-39
Let i(z) = 12*z**2 - 19*z - 88. Determine i(-4).
180
Let x(z) = 4*z**2 - 934*z + 6797. Give x(226).
17
Let k(l) = -3*l**3 + 29*l**2 + 23*l - 32. Calculate k(11).
-263
Let t(u) = -27*u + 137. What is t(9)?
-106
Let l(r) = 10*r + 1555. Give l(-153).
25
Let g(a) = 1962*a + 5894. Give g(-3).
8
Let i(l) = 25*l**2 - 1342*l - 1344. What is i(-1)?
23
Let u(v) = -43*v - 1021. What is u(-23)?
-32
Let j(t) = 2*t**2 + 23*t - 61. Give j(-17).
126
Let r(j) = 47353*j - 331463. Give r(7).
8
Let f(g) = 282*g + 12676. Determine f(-45).
-14
Let b(l) = l**2 + 45*l - 1964. What is b(-72)?
-20
Let p(w) = -w**3 + 12*w**2 - 12*w + 22. What is p(11)?
11
Let d(k) = -k**2 + 31*k + 1509. Calculate d(55).
189
Let z(g) = 6*g**2 - 2*g - 38. Give z(-4).
66
Let i(p) = p**2 + 29*p - 116. Calculate i(-29).
-116
Let q(c) = -c**2 + 53*c - 598. Calculate q(16).
-6
Let t(n) = -18*n**2 + 6*n - 14. What is t(2)?
-74
Let m(w) = -2312*w + 2332. Give m(1).
20
Let h(b) = -56*b - 2796. Calculate h(-50).
4
Let a(r) = -213*r + 1547. Give a(9).
-370
Let f(j) = j**2 + 16*j + 37. Calculate f(-15).
22
Let m(u) = 61*u**2 - 4258*u - 835. Give m(70).
5
Let n(j) = j**2 + 141*j - 1517. Give n(10).
-7
Let v(c) = -87*c**2 + 5222*c - 133. Determine v(60).
-13
Let q(v) = v**2 - 97*v - 9. Determine q(0).
-9
Let v(n) = n**2 - n + 75. Give v(0).
75
Let o(d) = 544*d**3 - 5*d + 6. Give o(1).
545
Let o(z) = z**2 + 39*z + 65. Determine o(-40).
105
Let v(j) = -2*j**2 + 21*j - 68. Give v(3).
-23
Let n(d) = d**2 + 8*d + 34. Give n(-10).
54
Let l(c) = c**3 - 20*c**2 - 124*c - 18. Give l(25).
7
Let n(o) = o**3 - 4*o**2 + 10*o + 62. What is n(9)?
557
Let h(f) = -6677*f - 20030. Determine h(-3).
1
Let l(b) = -2*b**3 + 2*b**2 - 517*b + 1034. Give l(2).
-8
Let j(l) = 3*l**2 + 777*l + 1567. Determine j(-2).
25
Let b(l) = l**2 - 13*l + 4. Determine b(14).
18
Let z(w) = w**2 - 3*w - 7. Calculate z(4).
-3
Let p(k) = 6057*k + 163535. What is p(-27)?
-4
Let l(x) = -x**3 - 87*x**2 - 130*x + 3417. What is l(-85)?
17
Let q(j) = 57*j + 902. Determine q(-16).
-10
Let s(y) = -y**3 - 10*y**2 - 5*y + 42. Give s(-9).
6
Let n(h) = h**2 - 29*h - 30590. What is n(190)?
0
Let g(m) = 5*m**2 - 16*m - 32. Determine g(5).
13
Let k(m) = 40*m - 3403. Give k(85).
-3
Let v(j) = 3*j**3 - 57*j**2 - 135*j + 180. Determine v(21).
-9
Let x(c) = -c**3 - 65*c**2 + 504*c - 7. Calculate x(7).
-7
Let p(z) = -z**2 - 20*z - 79. What is p(-8)?
17
Let k(r) = r**3 + 6*r**2 - 1088*r - 312. Determine k(-36).
-24
Let i(w) = 2*w**3 + 356*w**2 - 1832*w - 373. Give i(-183).
-7
Let j(t) = 92*t - 1840. Give j(19).
-92
Let t(n) = n**3 + 17*n**2 + 67*n - 3. Calculate t(-6).
-9
Let y(a) = -346*a + 361. Give y(1).
15
Let q(n) = n**2 - 31*n - 173. What is q(-5)?
7
Let b(l) = 18413*l + 18410. Give b(-1).
-3
Let b(w) = -w**3 - 11*w**2 - 12*w - 32. What is b(-7)?
-144
Let z(r) = -43*r**2 + 295*r - 220. What is z(6)?
2
Let k(w) = w**3 - 17*w**2 + 37*w - 13. Give k(14).
-83
Let a(g) = 2493*g - 24946. What is a(10)?
-16
Let q(h) = -11*h**2 + 334*h + 270. Give q(31).
53
Let v(y) = 3*y - 119. Give v(-11).
-152
Let y(n) = -n**2 + 48*n - 321. Give y(8).
-1
Let d(f) = -f**2 + 48*f - 100. What is d(44)?
76
Let p(m) = 4*m**3 - 58*m**2 + 33*m - 37. Calculate p(14).
33
Let r(t) = -17*t - 330. Determine r(-19).
-7
Let x(a) = -a**3 - 28*a**2 - 46*a - 25. What is x(-26)?
-181
Let a(p) = p**2 + 40*p - 587. Determine a(12).
37
Let c(m) = m**3 - 6*m**2 - 16*m - 9. Determine c(9).
90
Let v(x) = -x**3 + 12*x**2 + 37*x - 1. What is v(-4)?
107
Let r(v) = v**3 + 61*v**2 - 5*v